d by ((-168)/8)/((-9)/6)?
10
Let o = 96 + -76. Let i = 45 - 32. Let x = o - i. Calculate the remainder when x is divided by 4.
3
Suppose 6270 + 2622 = 26*y. Calculate the remainder when 691 is divided by y.
7
Suppose -10 = 5*i, 6*i - 22 = -5*c + 2*i. Suppose a - c = 4*a. What is the remainder when (a + -3 + 6)*46 is divided by 12?
10
Let h be 5 + (2 + -8)/2 + 109. Suppose 40*q = 37*q + h. What is the remainder when 73 is divided by q?
36
Let y(s) = s**2 - 3*s - 6. Let m be y(5). Suppose -4*i - 5*b + 94 = 0, -b - 88 = -3*i + m*b. Let g = 52 + 50. Calculate the remainder when g is divided by i.
24
Suppose 0 = 12*d + 47 - 155. What is the remainder when 42 is divided by d?
6
Suppose 21*y - 17*y = 188. Suppose -10*k + 28 = -6*k. Calculate the remainder when y is divided by k.
5
Let j = 15 + -15. Suppose -b + 3*f = -0*f - 32, j = b - f - 24. Suppose 30 = k + m - 36, -4*m = b. What is the remainder when k is divided by 18?
17
Suppose 22*j - 43*j + 252 = 0. What is the remainder when 155 is divided by j?
11
Suppose 0 = 12*y - 1638 - 2958. Calculate the remainder when y is divided by 96.
95
Suppose -5*l = -25, -t - 4*l + 3*l + 9 = 0. Suppose 3*f = f - t, -2*f - 22 = -2*u. What is the remainder when 44 is divided by u?
8
Let b = -647 - -769. Calculate the remainder when b is divided by 14.
10
Suppose 6*f = 10*f + 8. Let o(v) = -v**3 - 2*v**2 - 5. Calculate the remainder when o(-4) is divided by ((-50)/20)/(f/12).
12
Let d = 140 + -77. Calculate the remainder when 375 is divided by d.
60
Suppose 3*x + 44 = 6*x - 2*c, 51 = 2*x + 3*c. Suppose -x*t + 13*t - 55 = 0. Let k(u) = -3*u + 5. What is the remainder when k(t) is divided by 13?
12
Suppose -34 = -5*f - 9. Suppose -5*m - 2*g + 21 = 2, -2*m = -f*g + 4. What is the remainder when 11 is divided by m?
2
Let l = 495 - 468. Let w = -16 - -9. Let n = w + l. What is the remainder when n is divided by 8?
4
Let u(d) = d**2 + 117*d + 345. Calculate the remainder when 689 is divided by u(-3).
2
Let t(d) = d - 6. Let y be t(3). Let z(k) = -4*k - 9. Let g be z(y). Suppose u - 204 = -g*u. Calculate the remainder when u is divided by 13.
12
Suppose 159*o = 157*o + 94. What is the remainder when 90 is divided by o?
43
Let n(u) be the second derivative of -u**4/12 + 13*u**3/6 - 27*u**2/2 + 54*u. Let s(k) = k**2 + 3*k - 2. Calculate the remainder when n(6) is divided by s(-5).
7
Suppose 0 = -4*k + 5*l + 6, 2*l = -3*l + 10. What is the remainder when 32 is divided by (76/16 + -2)*k?
10
Suppose 4*d - d - 5 = 5*p, -2 = 2*d + 2*p. Suppose 7*m = 3*m + 176. Calculate the remainder when m is divided by -1 + d - (4 + -28).
21
Suppose -77*x + 32*x = -1125. Let z = -58 + 106. Calculate the remainder when z is divided by x.
23
Let o(f) = -f**2 + 54*f + 953. What is the remainder when o(-13) is divided by 17?
14
Suppose -22 - 65 = -z. Suppose -7*r + 342 = 5*r + 78. Calculate the remainder when z is divided by r.
21
Suppose 2*j + 60 = 4*f - 850, 5*f + 3*j = 1154. Calculate the remainder when f is divided by 33.
31
Suppose -137*m + 146*m = 405. What is the remainder when 313 is divided by m?
43
Let a = 62 + -51. Calculate the remainder when 142 is divided by a.
10
Let w = 576 + -523. Calculate the remainder when w is divided by 13.
1
Let n(f) = f**3 + 8*f**2 + 5*f + 2. Calculate the remainder when (-232 - -15)*(-2)/42*3 is divided by n(-7).
15
Let v(y) = -9*y**2 + y**3 + 26*y**2 + 3 - 9*y**2 - 4*y. Calculate the remainder when v(-4) is divided by 14.
13
Let q = -1120 - -1243. What is the remainder when q is divided by 41?
0
Suppose 0 = 51*w - 48*w - 36. Let h(z) = 12*z - 14. What is the remainder when h(w) is divided by 27?
22
Suppose -90 = -5*d - h, 4*d - h = h + 72. Calculate the remainder when 69 + 0*(-2 - -1) is divided by d.
15
Suppose n + 0*n - 3 = -k, 0 = 4*n + 3*k - 12. Suppose 0 = -n*s + 2*s + 104. Suppose -s = -5*y + 16. Calculate the remainder when 45 is divided by y.
21
Suppose 0 = -f - 4*q + 18, -3*q - 4 = q. Let s be (-33 - -3)/(-3) - 5. Suppose -s*i - 84 = -19*i. Calculate the remainder when f is divided by i.
4
Let a be 4/(-6) - (-240)/9. Let h = -16 + a. Calculate the remainder when 4/((((-40)/(-95))/(-4))/(-1)) is divided by h.
8
Suppose -u = h - 17, -3*u + 51 = -h - h. Let v be (-3 - -1)*2 - -340. Suppose -v = -4*z + m, -46 + 130 = z + m. What is the remainder when z is divided by u?
16
Calculate the remainder when 119 is divided by 1*3 - (-22)/(-11) - -19.
19
Let w = -75 - -77. What is the remainder when 42 is divided by w/4 + 116/8?
12
Suppose 32 + 5 = a. Let v(r) = -4 + 1 - r**3 - 5 + 6*r**2 + 3*r. Calculate the remainder when a is divided by v(6).
7
Suppose -5*y + 20 = 0, 0*d + y = 3*d - 11. Suppose 65*p + 3696 = 41*p + 68*p. What is the remainder when p is divided by d?
4
Let l = -170 + 260. What is the remainder when l is divided by 19?
14
Let d(p) = p**3 - 48*p**2 - 92*p + 27. Calculate the remainder when d(50) is divided by 87.
79
Suppose 0 = -k + 12 - 2. Suppose -w + 20 = k. Calculate the remainder when 17 is divided by w.
7
Let a = -12 + 26. Let j be 5/10*(3 - -1). What is the remainder when (-3 + -7)/(j/(-8)) is divided by a?
12
Let v(i) = -146*i - 144*i - 15 + i**3 + 20*i**2 + 289*i. Calculate the remainder when 12 is divided by v(-20).
2
Let w(k) be the third derivative of -5*k**4/24 - 5*k**3/6 - 6*k**2. Let j be w(-4). What is the remainder when 19 is divided by (-5)/j*33/(-1)?
8
Let q(l) = l**3 + 5*l**2 + 4*l + 3. Suppose 3*g + 0*x = 2*x - 15, -4*g - 2*x = 20. What is the remainder when (g + 3)*(-30)/4 is divided by q(-3)?
6
Let a(w) = 3*w**2 - 6*w - 20. Let r be a(8). Calculate the remainder when r/1 - (-1)/1 is divided by 21.
20
Let d(y) = y**2 + 6*y - 2. Let k be d(-7). Suppose 4*i + i - 260 = -k*s, 0 = s - i - 52. What is the remainder when s is divided by -2 + 2/1 + 18?
16
Let o(h) = -4*h**3 + 22*h**2 + h - 15. Let x(k) = 2*k**3 - 11*k**2 + 7. Let t(v) = -3*o(v) - 7*x(v). What is the remainder when t(5) is divided by 6?
0
Suppose 0 = -8*p - 29 + 93. Suppose -5*y = 4*j + j - 1230, -2*j = p. Calculate the remainder when y is divided by 42.
40
Let p(d) = 16*d - 487. Calculate the remainder when p(32) is divided by -1 - (2 + 2 + -19).
11
Suppose -2*s + 21 + 5 = 0. Let m(w) = w**2 - 8. What is the remainder when s is divided by m(4)?
5
Suppose 5*x = -4*v + 33, 2*v + 9 + 12 = 5*x. Let t(l) = l - 5. Let p be t(4). What is the remainder when (-25 - 1)/2*p is divided by x?
3
What is the remainder when 2506/8 + 0 - (-528)/704 is divided by 54?
44
Let i(p) = -2*p**2 + 4*p - 20. Let s be i(3). Calculate the remainder when 82 is divided by 174/11 + -2 + s/(-143).
12
Suppose 2*n - 33 = -11. What is the remainder when 53 is divided by n?
9
Let n(i) = -i**3 - 11*i**2 - 28*i + 17. Calculate the remainder when 69 is divided by n(-7).
1
Let g(i) = -i**2 + 15*i + 14. Let y be g(16). Let m be 3/(3/y) + 7. Suppose -195 = -m*v - 0*v. What is the remainder when v is divided by 10?
9
Let w = -38 - -50. Calculate the remainder when 115 is divided by w.
7
Let l = 86 - 215. Let k be (-3)/(-4) + l/12. Calculate the remainder when 8 is divided by (21/35)/((-2)/k).
2
Suppose -10*g - 399 = -1329. What is the remainder when g is divided by 14?
9
Let n = -7 - -6. Let o = n + -4. Let z(u) = u**2 + 4*u + 1. What is the remainder when 9 is divided by z(o)?
3
Let p(b) = b**3 - 17*b**2 - 13*b + 45. Let h be p(18). Let z = -130 + h. Calculate the remainder when 12 is divided by z.
2
Let o be ((-1)/(-3))/(63/34587). Suppose 0*w + 5*w = 2*f - 477, -2*w - 4*f = 210. Let p = o + w. Calculate the remainder when p is divided by 22.
20
Suppose 10*m = 5*m + 30. Let y = 2011 + -1994. What is the remainder when y is divided by m?
5
Let i = 1096 - 1016. What is the remainder when 554 is divided by i?
74
Let y(w) = -5*w + 100. Calculate the remainder when 157 is divided by y(12).
37
Let x(n) = n**3 + 8*n**2 + 7*n + 15. Let k be -6 + 3/(-1) + 2. What is the remainder when 29 is divided by x(k)?
14
What is the remainder when 377 is divided by ((-21)/3)/(-1)*2?
13
Let i be (-36)/(-3) + 4/((-12)/9). Let o(h) = -h**3 + 9*h**2 + 5*h + 16. Calculate the remainder when o(i) is divided by 16.
13
Suppose -2*q + 24 = -3*w, 2*w = 4*w - 8. Calculate the remainder when 32 is divided by q.
14
Suppose 53 = 12*w - 43. Let i(k) = -k**3 - 9*k**2 - 3*k + 7. Let